2 - 11*m - 10. What is k(g)?
-10
Let w be ((-45)/4)/(-5) + 1/(-4). Let k(n) = -5*n**3 - 3*n**2 + n + 3. Calculate k(w).
-47
Let h = -8 - -9. Let t(v) = -v**3 + 3*v**2 + 2*v - 7. Let z(u) = u**3 - u**2 - u + 3. Let o(m) = -3*t(m) - 7*z(m). Give o(h).
-5
Suppose 12 = 4*z - z. Let y(n) = -6*n - 48 + 19 + 20 + n**3 + 10 - 3*n**2. Give y(z).
-7
Let o(g) = g**2 - 5*g - 2. Let j be ((-16)/(-6))/(4/6). Suppose j*m = 2*m + 26. Let r = 17 - m. Determine o(r).
-6
Let u(w) = 4*w**2 - 4. Let q(z) = z**2 + z + 1. Let n(g) = 10*g**2 + 2*g - 4. Let k(p) = -n(p) + 3*q(p). Let x(j) = -3*k(j) - 5*u(j). What is x(4)?
3
Let f(w) = -w + 19. Let g be f(16). Let m(x) = 8 + 0*x - 2 + 2*x - g. Determine m(-6).
-9
Let k(s) = s**3 + 5*s**2 - 2*s + 3. Let j(z) = z - 13. Let a be j(8). Let x be ((-20)/(-8))/(a/10). Calculate k(x).
13
Suppose -2*x = 2, -4*x - 37 + 123 = 5*a. Let v = a + -7. Let m(l) = -l + 5. Let b be m(v). Let h(f) = -f - 5. Calculate h(b).
1
Let n(m) = m - 3. Let y(t) = t**3 + 6*t**2 + 4*t - 7. Let l = -8 + 3. Let c be y(l). Let v = 2 - c. What is n(v)?
1
Let v(i) = -i**3 - 9*i**2 - 7*i - 1. Let c(g) = g**2 + g + 1. Let u be 4/24*3*2. Let h(w) = u*v(w) + 4*c(w). Give h(-4).
-1
Let k(s) = -s**3 + 10*s**2 - 8*s. Suppose -7182 + 7263 = 9*t. What is k(t)?
9
Suppose -35 = 3*i + 2*i. Let j(f) = 3*f + 9. Let r(q) = -2*q. Let x(u) = j(u) + r(u). What is x(i)?
2
Let y(k) = -2*k**2 - k - 1. Let r(w) = -w**3 + 11*w**2 - 4*w + 2. Let a(b) = r(b) - 4*y(b). Calculate a(19).
6
Suppose 0 = 3*i + 2*i + 170. Let v = -33 - i. Let b be (((-4)/2)/(-2))/v. Let u(q) = 5*q. Calculate u(b).
5
Let h(u) = 2*u + 0*u - 5 - 3*u + 3*u. Suppose 0 = 2*g + 3*g - 30. Calculate h(g).
7
Let t be ((-24)/18)/((-5)/15). Let z(b) = -2*b**3 + 0*b**2 + 3*b**3 - 3*b**2 + b - t + 0*b**2. Let d = 9 + -6. Calculate z(d).
-1
Let g(f) = -5 + 3*f**2 + 20*f + 23*f - 43*f. What is g(-2)?
7
Let m(k) = -57*k**3 + 19*k - 11*k - 15*k + 56*k**3 + 5*k**2 + 5*k**2 - 9. Suppose 0*p - 4*p = -36. Calculate m(p).
9
Let b(j) be the third derivative of j**4/8 - j**3 + 2*j**2 + 78*j. Determine b(-9).
-33
Let p = 31 - 30. Let h(f) = 3*f**2 - 2*f + 1. Let m(r) = r**2 - r + 1. Let q(g) = p*h(g) - 2*m(g). Give q(0).
-1
Let k = 1485 - 1490. Let p(t) be the first derivative of t**3/3 + t**2/2 + 2*t - 1. Calculate p(k).
22
Let b(u) = -8 + 5*u + 9*u + 22. Let z(w) = -5*w - 5. Let s(i) = 6*b(i) + 17*z(i). Let h be 7*(-1)/(7/(-3)). Determine s(h).
-4
Let c(k) be the second derivative of -5/6*k**3 + 0 - 39*k + k**2. What is c(2)?
-8
Let s(n) be the third derivative of 7*n**5/60 - n**4/12 - n**3/6 - 2630*n**2 - n. Suppose 0*a = -4*a - 4. What is s(a)?
8
Let o(g) = -g**3 + g + 1. Let r(m) be the second derivative of -m**5/20 + m**4/4 + m**3 - 4*m**2 + 14*m. Let j be r(4). Calculate o(j).
1
Let t = 1623 + -1625. Let q(u) be the second derivative of u**6/360 + u**4/24 - u**3/6 - u. Let x(w) be the second derivative of q(w). Give x(t).
5
Let s(f) = -f**3 - 4*f**2 + 7*f + 1. Suppose 9*c - 77 = -122. Determine s(c).
-9
Let h(l) = -2*l**2 + 18*l - 10. Let f be h(8). Let w(z) = -f + 8 - z - z + z. What is w(0)?
2
Let r(k) = k**3 + 2*k**2 - 6*k + 2. Let p be r(0). Let c(n) = n**3 + 2*n**2 - 1. What is c(p)?
15
Let t(d) be the first derivative of 9 + 3*d + 1/2*d**2 - 1/3*d**3. What is t(-3)?
-9
Suppose -4 + 25 = 3*s. Let w(h) = -h**2 + 6*h + 10. What is w(s)?
3
Let c(h) = -h**3 + 5*h**2 + 22*h + 7. Suppose -24 = -5595*s + 5592*s. Give c(s).
-9
Let a be 26/8 + 1/(-4). Let m = 72 - 69. Let t(j) = m - 4*j**2 + 8*j - 5 - 4*j + 3*j**2. What is t(a)?
1
Let o(t) = -11*t**3 + 5*t**2 + 4*t - 3. Let l(h) = -2*h**3 + 2*h**2. Let s(y) = 6*l(y) - o(y). What is s(3)?
27
Let m(v) be the third derivative of v**6/120 + v**5/15 + v**4/8 + 5*v**3/3 - 33*v**2 - 5. What is m(-4)?
-2
Let r(w) be the third derivative of -1/2*w**4 + 0*w - 1/360*w**6 - 4*w**2 - 1/2*w**3 + 0 + 0*w**5. Let u(s) be the first derivative of r(s). What is u(0)?
-12
Let i = -43 + 29. Let z = 14 + i. Let f(m) = -4 + z*m - m + 0 + 3*m. Give f(5).
6
Let r(s) = -s**3 + 2*s. Let i be (2/4)/((-2)/(1 + -37)). Suppose -5*b = -3*w, 0 = -4*w - 3*b - 2*b + 35. Suppose 3*m + i = 0, -2*u = w*m - 2*m + 5. Give r(u).
-4
Let k(u) = -6*u - 8. Suppose -228 + 11 = 31*s. What is k(s)?
34
Suppose 4*r = -3*l + 7, -4*l + 5 = -r + 2. Let c(i) = -189*i + 97*i - l + 2*i**2 + 94*i - i**3. Determine c(-2).
11
Let m(o) = 4*o**3 + o**2 + 6*o. Let q(b) = -11*b**3 - 4*b**2 - 16*b - 1. Let l(h) = -8*m(h) - 3*q(h). What is l(-5)?
-22
Let r = -5 + 4. Suppose -j + 114 = 4*b - 151, -b = j - 67. Let l(p) = -66 + b - 5*p. Determine l(r).
5
Let t(x) be the second derivative of -x**3 + 47*x**2/2 + 23*x. Let d be t(9). Let n(o) be the third derivative of o**4/24 + 4*o**3/3 - o**2. Determine n(d).
1
Let f(h) = -h**2 - 3. Let w = 11 + -18. Let r(y) = 3 - 3 - y - 2 - 2. Let i be r(w). Give f(i).
-12
Let d(t) = 6*t - 1 + 22 - 10 - 7. Give d(4).
28
Let c(z) = 80*z + 82*z - 166*z - 13 - 60. Give c(-17).
-5
Let i(h) = h - 9. Let o(c) = -c + 4. Let d(q) = -4*i(q) - 7*o(q). Let w = -9 - -5. Let y be d(w). Let l(g) = g**2 - 5. Calculate l(y).
11
Let f(r) = -6*r**3 - 16*r**2 + 2*r - 10. Let n(w) = -3*w**3 - 7*w**2 - 5. Let s(z) = -2*f(z) + 5*n(z). What is s(-2)?
15
Let c(k) = k**3 - 5*k**2 + 5. Let u be (63/14)/(-3)*(-8)/3. Calculate c(u).
-11
Let q = 83 - 82. Let b(d) = -q - 73*d + 143*d - 73*d. Let o = -5 - -11. Determine b(o).
-19
Let w = -8 - -14. Let n(o) be the first derivative of o**4/4 - 5*o**3/3 - 3*o**2 + 3*o + 184. Determine n(w).
3
Let z(r) = -10*r - 56. Let g be z(-6). Let h(l) = 3*l - 6. Give h(g).
6
Let c(q) = q + 1. Suppose -4*g = -3*g + 3*g. Give c(g).
1
Let r(q) = -q**3 - 3*q**2 - 2*q - 2. Let k(c) = -c**2 + 11*c + 99. Let m be k(-6). Determine r(m).
4
Suppose -35*f = 688 - 303. Let t(g) = -2*g - 30. Calculate t(f).
-8
Let s(r) = -37*r**3 - 12*r**2 + 5*r + 8. Let k(b) = 17*b**3 + 6*b**2 - 2*b - 4. Let l(t) = -13*k(t) - 6*s(t). Calculate l(7).
25
Let n(v) = -5*v**3 - 4*v**2 - 3*v. Let r be n(-2). Let t = r + -21. Suppose 2*h + q = -7, 0*h + q + t = -4*h. Let j(y) = 8*y**2 - 2*y - 1. What is j(h)?
9
Suppose 0*l + 8 = 2*l. Suppose -4*q + l - 24 = 0. Let s(y) = -1 - y + 0*y + 1 - 2. Calculate s(q).
3
Let s(r) = r**3 + 29*r**2 + 57*r + 87. Let a be s(-27). Let b(k) be the first derivative of k**2 - 6*k - 8. Calculate b(a).
6
Let k(r) be the first derivative of -r**3/3 + 5*r**2/2 + 7*r + 12. Suppose 3*t - 2*t = -11. Let p = 17 + t. What is k(p)?
1
Let f(m) = m**3 - 5*m**2 + 5*m + 1. Let j(n) = 4 + 0 + 0 + 3*n + 2*n. Let d be j(-2). Let r be ((-6)/9)/1*d. What is f(r)?
5
Let i(q) be the second derivative of q**4/12 - 5*q**2/2 + 31*q. Let d(k) = k + 4. Let h be d(-8). Determine i(h).
11
Let b(u) = -u**2 - 6*u + 5. Let h be b(-6). Suppose -2*n = -2*z + 20, -h*n = -2*n + 12. Let a(s) = -s**3 + 7*s**2 - 7*s + 3. Calculate a(z).
-3
Let o(h) = -4*h - 3. Let j = -77 - -43. Let k = 37 + j. Give o(k).
-15
Suppose -5*k + 2*k + 6 = 0. Let x(g) = 35*g - 16. Let t(w) = -4*w + 2. Let p(j) = -24*t(j) - 3*x(j). Give p(k).
-18
Let g(t) = 15*t - 96. Let j be g(6). Let z(d) = -2*d - 1. Calculate z(j).
11
Let q(z) be the first derivative of -z**4/4 + 3*z**3 + 11*z**2/2 - 12*z - 6. Give q(10).
-2
Let x be (-134)/(-10) + 48/(-120). Suppose -x*a + 2*a + 11 = 0. Let t(q) = 10*q - 1. Give t(a).
9
Let h(y) = -4*y**3 - y**2 + 3*y - 1. Let i be h(1). Let k(p) = -2*p**2 - 3*p + 1. Give k(i).
-8
Suppose -2*j = 2*r - 58, -4*j - 5*r = -0*j - 112. Suppose 4*l + 24 = 4*q, 5*q - 4*l - j + 6 = 0. Let t(b) = q*b - 1 + b - 6*b + 0. Calculate t(-2).
3
Suppose -4*t = 633 - 673. Let z(o) = -o**3 + 9*o**2 + 12*o + 2. Calculate z(t).
22
Let m(r) = -29*r - 11 - 18*r + 46*r. Let v be m(-7). Let x(u) = u**2 + 3*u + 4. Give x(v).
8
Let v(i) = 6*i**3 - 1. Let u be (-16)/14 + 44/308. Determine v(u).
-7
Suppose 7*z = 12*z - 30. Let n(p) = -z*p + p + 8*p - 6 + 0*p. Give n(4).
6
Let i(q) = 10*q**3 - q**2 + q - 1. Suppose 0 = -55*j + 59*j - 4. Calculate i(j).
9
Let k(n) = -5*n - 3*n**2 + 8*n**2 + 4*n - 9*n**2 + 3 + 2*n**3. Give k(3).
18
Let o be ((-78)/(-26))/(-3*1). Let s(m) = 2*m**2 + m + 2. Give s(o).
3
Let z(t) = -7*t + 2*t - 6 + t. Let s = -1715 + 1711. Calculate z(s).
10
Let m(l) = l**3 - 4*l**2 - 4*l - 2. Suppose -49 + 37 = 6*d. Determine m(d).
-18
Let t(m) = m**3 + 12*m